6?
6
What is the hundred thousands digit of 392437?
3
What is the hundreds digit of 71958?
9
What is the hundreds digit of 759956?
9
What is the tens digit of 4394564?
6
What is the thousands digit of 25838?
5
What is the hundred thousands digit of 2835594?
8
What is the tens digit of 11556220?
2
What is the thousands digit of 85125?
5
What is the units digit of 2897351?
1
What is the units digit of 204641?
1
What is the ten thousands digit of 604056?
0
What is the units digit of 56364?
4
What is the units digit of 63432?
2
What is the hundreds digit of 153846?
8
What is the thousands digit of 265510?
5
What is the millions digit of 1064692?
1
What is the millions digit of 2906162?
2
What is the millions digit of 8823766?
8
What is the units digit of 131648?
8
What is the tens digit of 151136?
3
What is the ten thousands digit of 7397981?
9
What is the units digit of 4404634?
4
What is the hundreds digit of 1573423?
4
What is the tens digit of 369354?
5
What is the thousands digit of 293839?
3
What is the hundreds digit of 2858254?
2
What is the ten thousands digit of 2622934?
2
What is the ten thousands digit of 727357?
2
What is the tens digit of 320514?
1
What is the hundred thousands digit of 107076?
1
What is the units digit of 203365?
5
What is the hundreds digit of 1220849?
8
What is the thousands digit of 5259237?
9
What is the thousands digit of 5857982?
7
What is the units digit of 274158?
8
What is the tens digit of 326959?
5
What is the tens digit of 490003?
0
What is the hundred thousands digit of 367188?
3
What is the units digit of 156140?
0
What is the units digit of 1603283?
3
What is the ten thousands digit of 3946971?
4
What is the hundreds digit of 8784058?
0
What is the hundred thousands digit of 307466?
3
What is the units digit of 74469?
9
What is the tens digit of 1287517?
1
What is the hundreds digit of 1674218?
2
What is the millions digit of 1033074?
1
What is the thousands digit of 530994?
0
What is the tens digit of 11579?
7
What is the hundreds digit of 7680310?
3
What is the hundreds digit of 1087115?
1
What is the millions digit of 1820206?
1
What is the hundred thousands digit of 19334933?
3
What is the thousands digit of 260159?
0
What is the hundred thousands digit of 271123?
2
What is the tens digit of 3606215?
1
What is the millions digit of 1730766?
1
What is the tens digit of 78515?
1
What is the ten thousands digit of 3742605?
4
What is the tens digit of 17595?
9
What is the hundreds digit of 169104?
1
What is the thousands digit of 30283529?
3
What is the thousands digit of 45060?
5
What is the units digit of 30521826?
6
What is the hundreds digit of 1138022?
0
What is the thousands digit of 55299?
5
What is the thousands digit of 58927?
8
What is the tens digit of 167676?
7
What is the units digit of 312331?
1
What is the tens digit of 286931?
3
What is the thousands digit of 1406004?
6
What is the hundreds digit of 721174?
1
What is the units digit of 3338534?
4
What is the tens digit of 259566?
6
What is the hundred thousands digit of 218458?
2
What is the tens digit of 1249529?
2
What is the hundreds digit of 801632?
6
What is the millions digit of 2013098?
2
What is the hundred thousands digit of 9944918?
9
What is the hundred thousands digit of 9440562?
4
What is the tens digit of 17995285?
8
What is the units digit of 139759?
9
What is the millions digit of 19245354?
9
What is the hundreds digit of 1137127?
1
What is the units digit of 1309820?
0
What is the hundreds digit of 117423?
4
What is the thousands digit of 132646?
2
What is the hundreds digit of 11785746?
7
What is the hundreds digit of 1324?
3
What is the hundreds digit of 1294766?
7
What is the ten thousands digit of 6405737?
0
What is the hundred thousands digit of 299631?
2
What is the hundreds digit of 436789?
7
What is the hundred thousands digit of 4844812?
8
What is the hundred thousands digit of 621146?
6
What is the hundred thousands digit of 11709280?
7
What is the tens digit of 24926640?
4
What is the units digit of 9263?
3
What is the tens digit of 2987747?
4
What is the ten thousands digit of 388558?
8
What is the ten thousands digit of 7963987?
6
What is the hundreds digit of 2376003?
0
What is the hundred thousands digit of 2493392?
4
What is the hundred thousands digit of 143624?
1
What is the hundred thousands digit of 119866?
1
What is the hundreds digit of 637707?
7
What is the hundred thousands digit of 14798566?
7
What is the hundreds digit of 215290?
2
What is the hundred thousands digit of 1566356?
5
What is the units digit of 570575?
5
What is the hundreds digit of 102979?
9
What is the hundreds digit of 779161?
1
What is the hundreds digit of 4724889?
8
What is the millions digit of 8134879?
8
What is the thousands digit of 2897996?
7
What is the hundred thousands digit of 1156728?
1
What is the ten thousands digit of 3681408?
8
What is the hundred thousands digit of 152557?
1
What is the ten thousands digit of 5851980?
5
What is the units digit of 34020?
0
What is the ten thousands digit of 405278?
0
What is the ten thousands digit of 226406?
2
What is the tens digit of 63624?
2
What is the tens digit of 152383?
8
What is the hundred thousands digit of 5635499?
6
What is the hundreds digit of 25032570?
5
What is the millions digit of 10526192?
0
What is the thousands digit of 339803?
9
What is the units digit of 163956?
6
What is the tens digit of 198712?
1
What is the units digit of 479606?
6
What is the tens digit of 19624089?
8
What is the thousands digit of 141378?
1
What is the thousands digit of 961345?
1
What is the ten millions digit of 33963514?
3
What is the thousands digit of 713529?
3
What is the hundred thousands digit of 938756?
9
What is the units digit of 492816?
6
What is the millions digit of 1140020?
1
What is the tens digit of 1658755?
5
What is the thousands digit of 2305665?
5
What is the units digit of 517951?
1
What is the ten thousands digit of 4825408?
2
What is the ten thousands digit of 24806264?
0
What is the thousands digit of 1803397?
3
What is the ten thousands digit of 486613?
8
What is the thousands digit of 2702?
2
What is the thousands digit of 3487784?
7
What is the hundreds digit of 5260845?
8
What is the units digit of 69072?
2
What is the units digit of 266280?
0
What is the millions digit of 2031160?
2
What is the thousands digit of 778623?
8
What is the thousands digit of 37216460?
6
What is the tens digit of 145104?
0
What is the tens digit of 644672?
7
What is the hundreds digit of 1674397?
3
What is the tens digit of 92942?
4
What is the ten thousands digit of 151217?
5
What is the thousands digit of 742722?
2
What is the units digit of 128091?
1
What is the hundred thousands digit of 1931751?
9
What is the hundred thousands digit of 1601745?
6
What is the hundreds digit of 24510?
5
What is the tens digit of 244642?
4
What is the hundreds digit of 39064066?
0
What is the tens digit of 3253535?
3
What is the thousands digit of 1161871?
1
What is the hundreds digit of 1561232?
2
What is the thousands digit of 3405719?
5
What is the thousands digit of 4293501?
3
What is the hundred thousands digit of 782575?
7
What is the ten thousands digit of 2560430?
6
What is the tens digit of 1633003?
0
What is the hundreds digit of 2746443?
4
What is the thousands digit of 5990399?
0
What is the ten thousands digit of 492161?
9
What is the tens digit of 10913517?
1
What is the units digit of 739653?
3
What is the tens digit of 9516373?
7
What is the hundreds digit of 1113805?
8
What is the ten thousands digit of 8056834?
5
What is the tens digit of 5870?
7
What is the tens digit of 174732?
3
What is the units digit of 540668?
8
What is the ten thousands digit of 2566138?
6
What is the tens digit of 57660?
6
What is the ten thousands digit of 220128?
2
What is the hundreds digit of 804285?
2
What is the thousands digit of 233548?
3
What is the ten thousands digit of 122052?
2
What is the thousands digit of 5845775?
5
What is the tens digit of 8347754?
5
What is the ten thousands digit of 1029577?
2
What is the tens digit of 180740?
4
What is the thousands digit of 585545?
5
What is the hundred thousands digit of 200580?
2
What is the ten thousands digit of 179318?
7
What is t